{"id":288,"date":"2023-01-15T11:29:10","date_gmt":"2023-01-15T11:29:10","guid":{"rendered":"https:\/\/sv-performance.de\/?page_id=288"},"modified":"2025-07-29T12:52:02","modified_gmt":"2025-07-29T12:52:02","slug":"active-sound-aktuator-reparatur","status":"publish","type":"page","link":"https:\/\/sv-performance.de\/?page_id=288","title":{"rendered":"Active Sound Aktuator &#8211; Reparatur"},"content":{"rendered":"\n<p class=\"has-black-color has-text-color has-link-color has-medium-font-size wp-elements-0fb0854f00d025591268a073b44ccc23\">Ihr Active Sound Aktuator, der leider nicht mehr funktioniert oder merkw\u00fcrdige Ger\u00e4usch von sich gibt?<\/p>\n\n\n\n<p class=\"has-black-color has-text-color has-link-color has-medium-font-size wp-elements-b0c581e0d214dbf5dfe128c1d18002c2\">Aktuator\/ESD ausbauen und zu uns Senden mit Kontaktdaten (Anschrift + Telefonnummer + Email)<\/p>\n\n\n\n<p class=\"has-black-color has-text-color has-link-color has-medium-font-size wp-elements-8101d93dd550a1d89d255793ae4aef34\">So wird&#8217;s gemacht:<\/p>\n\n\n\n<p class=\"has-black-color has-text-color has-link-color has-medium-font-size wp-elements-59dd8227417e7eab407b4fbc4595ce16\">&#8211; \u00d6ffnen des Geh\u00e4uses<br>&#8211; Entfernen des alten Lautsprechers<br>&#8211; Einbau des neun Lautsprechers<br>&#8211; Montage von neuen Lautsprecher<br>&#8211; Schlie\u00dfen des Geh\u00e4uses mit WIG Verschwei\u00dfen (kein Rost)<br>&#8211; pr\u00fcfen auf Funktion<\/p>\n\n\n\n<p class=\"has-black-color has-text-color has-link-color has-medium-font-size wp-elements-41e152ebca3234c6a27034e446797447\">Die Instandsetzung dauert ca. 5-10 Werktage.<\/p>\n\n\n\n<p class=\"has-black-color has-text-color has-link-color has-medium-font-size wp-elements-636492f74ef2724fbabac285c1256184\">Preis: 250 Euro + R\u00fcckversand<\/p>\n","protected":false},"excerpt":{"rendered":"<p>Ihr Active Sound Aktuator, der leider nicht mehr funktioniert oder merkw\u00fcrdige Ger\u00e4usch von sich gibt? Aktuator\/ESD ausbauen und zu uns Senden mit Kontaktdaten (Anschrift + Telefonnummer + Email) So wird&#8217;s gemacht: &#8211; \u00d6ffnen des Geh\u00e4uses&#8211; Entfernen des alten Lautsprechers&#8211; Einbau des neun Lautsprechers&#8211; Montage von neuen Lautsprecher&#8211; Schlie\u00dfen des Geh\u00e4uses mit WIG Verschwei\u00dfen (kein Rost)&#8211;&hellip; <br \/> <a class=\"read-more\" href=\"https:\/\/sv-performance.de\/?page_id=288\">Read more<\/a><\/p>\n","protected":false},"author":1,"featured_media":0,"parent":167,"menu_order":0,"comment_status":"closed","ping_status":"closed","template":"","meta":{"footnotes":""},"class_list":["post-288","page","type-page","status-publish","hentry"],"_links":{"self":[{"href":"https:\/\/sv-performance.de\/index.php?rest_route=\/wp\/v2\/pages\/288","targetHints":{"allow":["GET"]}}],"collection":[{"href":"https:\/\/sv-performance.de\/index.php?rest_route=\/wp\/v2\/pages"}],"about":[{"href":"https:\/\/sv-performance.de\/index.php?rest_route=\/wp\/v2\/types\/page"}],"author":[{"embeddable":true,"href":"https:\/\/sv-performance.de\/index.php?rest_route=\/wp\/v2\/users\/1"}],"replies":[{"embeddable":true,"href":"https:\/\/sv-performance.de\/index.php?rest_route=%2Fwp%2Fv2%2Fcomments&post=288"}],"version-history":[{"count":5,"href":"https:\/\/sv-performance.de\/index.php?rest_route=\/wp\/v2\/pages\/288\/revisions"}],"predecessor-version":[{"id":334,"href":"https:\/\/sv-performance.de\/index.php?rest_route=\/wp\/v2\/pages\/288\/revisions\/334"}],"up":[{"embeddable":true,"href":"https:\/\/sv-performance.de\/index.php?rest_route=\/wp\/v2\/pages\/167"}],"wp:attachment":[{"href":"https:\/\/sv-performance.de\/index.php?rest_route=%2Fwp%2Fv2%2Fmedia&parent=288"}],"curies":[{"name":"wp","href":"https:\/\/api.w.org\/{rel}","templated":true}]}}